e factors of d.
13
Suppose 0*b + 108 = 3*b. What are the prime factors of b?
2, 3
Let u(m) = -m**3 - 6*m**2 + 4*m - 10. Let f(t) = t**2 + 11*t + 3. Let w be f(-10). List the prime factors of u(w).
11
Suppose 2*a + 2*x - 20 = 0, a = -a - 3*x + 25. Suppose 58 = 2*t + 4*r - 0*r, -a*t + 3*r = -93. What are the prime factors of t?
3, 7
Suppose 172 = 5*a - 3*v, -3*a = -4*v + 5*v - 92. List the prime factors of a.
2
Let i be 47*(-3)/(-9)*-3. Let g = 66 + i. List the prime factors of g.
19
Let l(u) = -u - 2. List the prime factors of l(-6).
2
Suppose -2*w - 3*p = -319, -7*w + 4*w + 5*p + 526 = 0. List the prime factors of w.
167
Let i = 130 - 36. List the prime factors of i.
2, 47
Let n be 8/4*1*1. Suppose -n*m + 108 = m. List the prime factors of m.
2, 3
Suppose 0 = 3*o - 5*r - 28, o + 3*r + 15 = 1. Let g = o - -3. Suppose 19 = g*n - 29. List the prime factors of n.
2, 3
Let c = -248 - -396. What are the prime factors of (-3)/(-4) + c/16?
2, 5
Let h(c) = 11*c**2 + c. Let l be h(1). Suppose -12 = -4*m + l. List the prime factors of m.
2, 3
Suppose 12*g - 144 = -6*g. List the prime factors of g.
2
Let c = -1 - -5. Suppose -c*k - 29 = -3*g - 2*k, 0 = 5*g - 2*k - 43. What are the prime factors of g?
7
Let z(g) = 10*g**3 - 2*g**2 + 2*g - 1. Let q be z(1). Suppose 0 = -3*r - m + 5*m + 6, -r - m = -q. What are the prime factors of r?
2, 3
Let j(h) = -6 + 2*h**2 + 7*h + 12 - 3*h**2. Let n be (-5)/((-10)/12)*1. What are the prime factors of j(n)?
2, 3
Let a be (-2)/8 + (-34)/(-8). Let k be (2/(-6))/(3/(-45)). Suppose -a*v - k*q = -43, 5*v - 2 = 3*v + 4*q. What are the prime factors of v?
7
Suppose -10 = -2*o + 7*o. List the prime factors of (-27)/(-2) - (-1)/o.
13
Let j = -4 + 6. Suppose -3*t + 2*t = -j*a - 15, 0 = 5*t + a - 119. What are the prime factors of t?
23
Suppose 2*s = -0*s + 144. Let c be (s/2)/((-15)/(-20)). Let f = c - 31. List the prime factors of f.
17
Let d = -7 + 7. Suppose -y + 18 - 3 = d. What are the prime factors of y?
3, 5
Let l be (-1*8)/((-6)/3). Suppose -5*v + l*v + 8 = 0. What are the prime factors of v?
2
Suppose 0 = n - 24. List the prime factors of n.
2, 3
Suppose 5*w - 4*z + z + 22 = 0, -w - z = -2. Suppose 10*d - 30 = 8*d. Let i = d + w. List the prime factors of i.
13
Suppose 0 = k + k - 4. Suppose k = -z + 29. List the prime factors of z.
3
Let u(c) = 2*c**2 - 2*c. Let z be u(2). Suppose -10 = -2*w + z. List the prime factors of w.
7
Suppose m - s - 2*s = 13, -25 = -5*m + 5*s. What are the prime factors of m/(-1) - (-3 + -3)?
5
Suppose 5*p - 108 = p. Let s = p + -9. Suppose y + 5 - s = 0. List the prime factors of y.
13
Let v = -32 - -52. Suppose -3*z + 2*z + v = 0. List the prime factors of z.
2, 5
Let k = -225 - -480. What are the prime factors of k?
3, 5, 17
Suppose -5*j = b + 794, b = -0*j + j + 154. What are the prime factors of 2/10 + j/(-10)?
2
Suppose 4*z - 96 = 328. What are the prime factors of z?
2, 53
Let l(s) = 3*s. Let j(d) be the third derivative of -d**4/8 + d**2. Let y(a) = -5*j(a) - 4*l(a). What are the prime factors of y(4)?
2, 3
Suppose -16 = 11*r - 533. List the prime factors of r.
47
Let x = 7 - 5. Suppose 0*i = -x*i + 28. Suppose -i = -3*b - l + 5*l, 3*b - 5*l - 13 = 0. What are the prime factors of b?
2, 3
Suppose 4*p + 0*p = 0. Let i = p + -2. List the prime factors of 2/i*-2 - 0.
2
Suppose 0*y = 5*y - 15. List the prime factors of (-28)/y*(-3)/2.
2, 7
Let y(t) = t**3 - 8*t**2 + 25*t + 13 - 18*t - 3. What are the prime factors of y(7)?
2, 5
Let p(q) = 2*q**2 - 7*q - 1. Suppose -2*x = 3*x - 30. Let y = x - 1. List the prime factors of p(y).
2, 7
Suppose 14 = 5*h - 2*w, -h + 3*h - 4*w = 12. Let p(d) = 2*d**2 - 1. Let f be p(h). Let y(z) = 2*z - 2. What are the prime factors of y(f)?
2, 3
Let o be (-6)/(-2)*(-114)/(-9). Let l be (-1)/3 + o/6. What are the prime factors of 74/l - 3/9?
2, 3
Let a(v) = v**2 - 3*v - 4. Suppose 4*z = -2*g + 16, -g - 1 = -z + 3. Let n be (4 - 9) + z/2. What are the prime factors of a(n)?
2, 7
Suppose -m - w = -61, -3*m + 2*w = -81 - 102. Suppose 0 = p + 5 + m. What are the prime factors of p/(-14) - 2/(-7)?
5
Let b be 0/3 + -1 - -1. Suppose p = -b*w + 4*w + 31, 5*p + 13 = -w. Let m = 16 + w. List the prime factors of m.
2
Let w be 0/(-2 - 3 - -2). Let g(j) = -2*j + 24. What are the prime factors of g(w)?
2, 3
Let d = -8 - -6. List the prime factors of (1/d)/((-2)/44).
11
Let x = -2 - 3. Let k be 33/15 - (-1)/x. Suppose 6 = 2*p, -4*b - 3 = k*p - 17. List the prime factors of b.
2
Let f(a) = a**2 - 6*a - 5. Let c be f(7). Suppose -2*s + 13 = g, 2*s = -c*g + 2 + 8. What are the prime factors of s?
2
Suppose f = -3*r - f - 104, -2*f = 2. Let i = r - -52. List the prime factors of i.
2, 3
Suppose 0 = 2*o + 3*o + 10. Let r(x) = -2*x + 1. List the prime factors of r(o).
5
List the prime factors of 3/4 + 1017/36.
29
Let g(h) = -h**3 + 7*h**2 - 5*h + 2. Let j be g(6). Suppose 72 = 2*d + j. List the prime factors of d.
2
Suppose 0 = 2*c + 4*u + 14, 3*c - 4*u = -2*c - 63. Let p(g) = 4*g + 1. Let w be p(-1). Let d = w - c. List the prime factors of d.
2
Let u(q) = -5*q + 6. Let i(s) = s - 1. Let r(z) = -6*i(z) - 2*u(z). Let j(k) = -k**3 + 17*k**2 - k + 22. Let g be j(17). List the prime factors of r(g).
2, 7
Let b(w) = 11*w + 1. Let o(r) = r**2 - 12*r + 1. Let z be o(12). Let h = z + 0. List the prime factors of b(h).
2, 3
Let y = -6 + 10. Suppose 3*t = -s + 30, -y*s = -3*t + 18 - 3. What are the prime factors of t?
3
Suppose 2*x = 3*o + 12, x - 4*o + 8 = o. Suppose x = 3*r, -v + 4*r - 124 = -5*v. What are the prime factors of 12/16 - v/(-12)?
3
Let q be (-2)/(-4) - 31/2. Let b = q + 34. List the prime factors of b.
19
Suppose -70 = -5*r - 5*p, -4*p + 3 = -3*p. Suppose 0 = 2*n + r - 89. What are the prime factors of n?
3, 13
Let o(n) = -7*n + 1. Let i be o(1). What are the prime factors of (i - 1)*(-30)/21?
2, 5
Let v be 1 - 2 - 9/(-3). Suppose 5*s = -v*p + 16, 0*p = -2*p + 3*s. List the prime factors of p.
3
Suppose 37 - 233 = -4*i. What are the prime factors of i?
7
Suppose -f - 2*f + 12 = 0. Let n be 2/f*2*0. Let g = 16 - n. What are the prime factors of g?
2
List the prime factors of 4/(-8) + 99/2.
7
Let c = -64 - -125. Suppose -9 = -r + 2*z, -4*r + z + 2*z = -c. List the prime factors of r.
19
Suppose 175 = 5*z - 4*z. Suppose 5*x = -4*m + z, -4*x + 8 = -2*m + 76. List the prime factors of m.
2, 5
Let h(y) = -y**3 - 3*y + 2*y**2 - 8*y**2 + 5*y**2. List the prime factors of h(-3).
3
Suppose -44 = -2*j + j. What are the prime factors of j?
2, 11
Suppose -3*l = -1 - 5. Suppose 2*d = -b + l, 0*d - 2*d - 2 = 2*b. Let r = 16 + b. What are the prime factors of r?
2, 3
Suppose 3*h = 5*t + 164, 39 + 223 = 5*h + 3*t. What are the prime factors of h?
53
Let o = 234 + -164. List the prime factors of o.
2, 5, 7
Let r = -4 + 9. Suppose 2*h + r = 1. Let y(g) = -3*g + 2. List the prime factors of y(h).
2
Let y be (-3)/9 + (-20)/(-6). Suppose 5*s - y = 7. List the prime factors of s.
2
Let b(n) = 2*n**2 - n + 1. Let g = -3 - -3. Suppose g = 5*k - 0*k + 10. List the prime factors of b(k).
11
Let v = -100 - -38. Let d be (v/2)/(-1 + 0). Let z = d + -22. List the prime factors of z.
3
Let m = 11 + -9. List the prime factors of (-2)/(-1)*18/m.
2, 3
Let o(a) = -3*a**3 - 3*a**2 - 3*a - 6. List the prime factors of o(-4).
2, 3, 5
Suppose 2*m = 7*m - k - 180, 0 = 3*m + k - 108. What are the prime factors of m?
2, 3
Suppose -79 = -2*y + 31. List the prime factors of y.
5, 11
Suppose -o - o + 2 = w, 0 = 5*o - 2*w - 23. Suppose -2*u = -5*m + 233, m = -o*m - 4*u + 192. What are the prime factors of m/3 + 5/15?
2
Let f(d) = -d**2 - 14*d - 6. Let z be f(-12). Let x = 30 - z. What are the prime factors of x?
2, 3
Let x(g) = g - 4. Let o(u) = -u**3 + 9*u**2 - u + 13. Let l be o(9). Let z be x(l). Suppose -5*m - 15 + 40 = z. What are the prime factors of m?
5
Suppose 0 = o + o + 18. Let p = -2 - o. What are the prime factors of p?
7
Suppose -f + 4*f + 5*x - 22 = 0, 5*f - 4*x + 25 = 0. Let r = 0 + f. What are the prime factors of r/((-1)/12) + 3?
3, 5
Let f = -4 - -8. Let o(p) = 7 - 4 + p**3 + 2*p**3 - f*p**3 + 5*p + 3*p**2. List the prime factors of o(4).
7
What are the prime factors of 39 - (-4 + 2 - 1)?
2, 3, 7
Let i = 19 + 149. List the prime factors of i.
2, 3, 7
Suppose j - 4 = 0, -3*k + 2*j + 48 = -208. List